2*c - 5*q - 13. What is y(c)?
7
Let t(d) = d**3 + d**2 - d - 2. Suppose 2*v + v - 2*i - 134 = 0, 2*i = -8. Let a = -44 + v. Determine t(a).
-4
Let v = 366 + -385. Let d(r) = -r**3 - 18*r**2 + 18*r - 14. Determine d(v).
5
Let l(f) = -2*f**2 + 1. Suppose 30*v - 82 = 28*v. Suppose v*q - 2 = 39*q. Determine l(q).
-1
Let u(y) be the third derivative of -y**7/5040 + y**6/180 - 7*y**5/60 + 16*y**2. Let b(g) be the third derivative of u(g). Determine b(7).
-3
Let y = 2 - 0. Suppose 0 = 2*t - y - 10. Let n(d) = -3*d - d**2 - t - 1 + 10*d. What is n(5)?
3
Suppose 2*b - 10 = -3*k, -2*k - 4 = -2*b - 2*b. Suppose -3*x + 7*x = p + 6, -b*x = -2. Let f(d) = -3*d**2 - d - 2. What is f(p)?
-12
Let v(n) = 6*n**2 - 8*n - 7*n**2 + 45 - 49. Determine v(-6).
8
Let o(z) be the second derivative of z**6/240 + 23*z**4/12 + 2*z. Let a(m) be the third derivative of o(m). Determine a(3).
9
Let n(l) = l**2 - 11*l - 10. Let m be n(12). Suppose -4*r = -i + m, 2*r - 5*r = i - 2. Suppose -i*o - 10 = -2. Let j(q) = q**2 + 4*q - 2. Determine j(o).
-2
Let v(t) = t - 4. Let l(r) = -2*r + 6. Suppose -3*s - 15 = 5*a, 74 - 19 = -5*a + 5*s. Let d = -1 - a. Let i be l(d). Give v(i).
-8
Let n(c) = -16*c + 12. Let v(l) = 4*l - 3. Let g(r) = n(r) + 5*v(r). Determine g(-1).
-7
Let g(p) = p**2 - p + 8. Suppose 6*o - 1 = 3*o + 5*b, o - 15 = -2*b. Suppose 2 - o = 5*d. Let l be d/(-4) + (-9)/36. Determine g(l).
8
Let q(g) = 16*g**2 - 51*g + 33. Let u(d) = -25*d**2 + 77*d - 51. Let l(c) = 8*q(c) + 5*u(c). Calculate l(7).
-5
Let b(s) = -s**3 - 2*s**2 + 5*s. Suppose 72 + 3 = -25*l. Give b(l).
-6
Let m(y) be the second derivative of -5*y + 0*y**3 + 0*y**2 + 1/20*y**5 + 0 - 1/6*y**4. Suppose 0 = -10*l + 4*l + 12. What is m(l)?
0
Let f(k) = -5*k**2 + 3*k + 1. Let r be f(-1). Let i(j) = -j + 2 + 2*j + 4. What is i(r)?
-1
Let b(g) be the first derivative of -g**2/2 + 3*g - 5. Let a be (-4)/(-18) - (-336)/(-54). Let u(s) = s. Let r be u(a). Give b(r).
9
Let x be (7/(-4) + 15/12)*12. Let d(y) = 2*y + 6. Determine d(x).
-6
Let t be 55/22 + (-2)/(-4). Suppose t*i - 2*o = 6 - 8, 16 = -4*i - 4*o. Let w(d) = -3*d**2 - 1. What is w(i)?
-13
Let w(h) = 62*h - 736. Let n be w(12). Let r(c) = -3*c**3 + 0*c**3 - 3 + 7*c**2 - 2*c**3 + 4*c**3 + 9*c. What is r(n)?
5
Let v be (16/20)/((-2)/(-10)). Suppose -16 = v*q, 4*q + 9 = -i - 13. Let t(y) = y**3 + 5*y**2 - 6*y + 5. Give t(i).
5
Let w(h) = 3*h - 1. Let p(g) = 1. Let a(l) = -5*p(l) - w(l). Suppose -4*m - 6*x = -3*x + 8, 0 = m - x + 9. Give a(m).
11
Let n(h) = 18 - 14*h + 13*h**2 + 41*h**3 + 30*h**3 - 72*h**3. What is n(12)?
-6
Let z be (6/9 + 0)*6. Suppose i - z*j = -2, i + 8 = 3*i - 2*j. Let f(d) = -154*d**2 + 3 + 76*d**2 + 79*d**2 - 5*d. Determine f(i).
9
Let m(p) = 6*p + 46. Let h(l) = -18*l - 138. Let s(c) = -5*h(c) - 14*m(c). Let b be s(-7). Let r(z) = -2*z + 2. Determine r(b).
-6
Let b = -162 + 1945/12. Let n(q) be the second derivative of 2*q**2 + 5*q - 2/3*q**3 - b*q**4 + 0. What is n(-4)?
4
Let w(l) be the second derivative of -l**7/840 + l**6/120 + l**5/60 + l**4/6 - 13*l**3/6 - 11*l. Let r(a) be the second derivative of w(a). Give r(4).
-4
Suppose 4*s + s + 125 = 0. Let v = s - -21. Let z(n) = -n + 1. Give z(v).
5
Let s be 3/(-6)*(-5 - -5). Let m(h) = 4 + s + 3*h**3 - 2*h**3 - 6*h**2 - 9*h + 6. Give m(7).
-4
Let j(f) = 2 + 10 - 1 + f - 6. Let b(x) = -x - 6. Let z(i) = -5*b(i) - 6*j(i). Give z(-8).
8
Let z(j) = -j**3 - 6*j**2 - 2*j - 9. Let u be z(-6). Let k(r) = 1 - u + 75*r - 76*r. Calculate k(-3).
1
Let p(h) be the third derivative of h**4/8 + 6*h**2. Suppose -1 = -6*x - 7. Calculate p(x).
-3
Let t(y) = y**2 - 9*y - 17. Suppose 2*q - 5*r - 38 + 4 = 0, 2*r - 44 = -4*q. Give t(q).
19
Let b(u) = 4*u - 88. Let s(w) = 2*w - 31. Let l(n) = -6*b(n) + 17*s(n). Determine l(-3).
-29
Let r(k) = 0 - 3 - 1 + 3 - 9*k + 2. What is r(-2)?
19
Let r(c) = -c + 8. Let s be r(5). Suppose -16*t + 4 = -14*t. Suppose t*m = s*m. Let z(j) = -j + 4. What is z(m)?
4
Let k(r) = -2*r**3 + 25*r**2 + 12*r - 10. Let x(f) = f**3 - 9*f**2 - 6*f + 5. Let s(w) = -2*k(w) - 5*x(w). Give s(-5).
-35
Let l(o) = -3*o + 849*o**2 + 3 - 848*o**2 + 0. Suppose -3*m = 11*m - 42. Give l(m).
3
Let v(u) = u + 5. Suppose 43 = -3*p + 13. Let f be 0*5/p*1. Calculate v(f).
5
Let s(y) = 4*y - 9. Suppose 1 + 3 = l, 0 = -2*u - 3*l + 40. Let p = u - 13. Let n be 2*(-1)/p + 8. Determine s(n).
15
Let v(g) = 91*g - 93*g + 0*g**2 - g**3 + 33 - 33 + 3*g**2. Let k be 64/28 - 4/14. Calculate v(k).
0
Let x(o) = o - 20. Let q = 249 - 238. What is x(q)?
-9
Let f(n) = -n**3 - 3*n**2 - n - 1. Let r(h) = -h**2 - 19*h + 20. Let m be r(-20). Suppose 0 = -4*w + 2*q - 10, w - 2*q + 1 = -m*w. Calculate f(w).
2
Let l(s) = -3*s + 15. Let f be 92/12 + -1*25/15. What is l(f)?
-3
Let o be -5 + 2 + -1 + -1. Let a(x) = 66 - 4*x - 32 - x**2 - 31. Calculate a(o).
-2
Let c(p) = -p + 3. Let a(q) = 10*q + 62. Let s be a(-7). What is c(s)?
11
Let x(r) be the third derivative of -r**5/60 - r**4/3 + 2*r**3/3 - 5*r**2 - 13. Determine x(-7).
11
Let b be 84/18*((-102)/42 + 5). Let a(m) = 3*m - 12. Calculate a(b).
24
Let d(t) = t**3 + t**2 - t - 1. Let r(h) = 8*h**2 - 7*h + 6. Let o(c) = -d(c) + r(c). Let g(z) = -2*z - 16. Suppose 4*j = 3*j - 11. Let v be g(j). Give o(v).
7
Let k(n) be the first derivative of 3*n**2/2 + 4*n - 13. Suppose 4*u - 32 = 4*t - 4, 5*t = -u - 23. Let d be (-5)/(30/9)*u. Give k(d).
-5
Suppose -3*u = 5*g, -g + 5*u + 0*u = 0. Suppose -4 + g = -f. Let a be f/(-14) - (-45)/35. Let z(q) = 5*q. What is z(a)?
5
Let c(z) be the first derivative of -z**2/2 + z - 229. Give c(1).
0
Suppose 0 = 5*c - 3*w - 20, -2*w = -4*w. Let q = c + -9. Let r(t) = -3*t - 1. Give r(q).
14
Let t(y) = -y + 7. Let a be 33*((-8)/(-18))/(6/9). Suppose 5*v = 3*v + a. What is t(v)?
-4
Suppose 26*d + 10 = 31*d. Let w(f) = -d + 7*f + f - 5*f. Give w(-4).
-14
Let b(f) be the third derivative of -f**6/120 - 7*f**5/60 + 5*f**3/6 + 11*f**2 + 2*f. What is b(-7)?
5
Let d(v) be the third derivative of v**5/24 + v**4/6 - 37*v**3/6 - 15*v**2. Let b(s) be the first derivative of d(s). Give b(-3).
-11
Suppose 0 = 2*w - 8 + 14. Let v(q) = 3*q**3 + 5*q**2 - 5*q - 4. Let k(f) = -2*f**3 - 2*f**2 + 2*f + 2. Let c(t) = w*v(t) - 5*k(t). What is c(4)?
6
Suppose 11*r = 84 - 227. Let d(k) = k + 4. Give d(r).
-9
Suppose -2*x + 0*x = 5*r + 33, 3*r + 7 = 2*x. Let p(t) = -t - 2. Let i be p(x). Let c(v) = v**i - v + 1 - 1 + 1. What is c(2)?
3
Let m(b) = 23*b - 7. Let v(a) = -43*a + 14. Let i(o) = -11*m(o) - 6*v(o). What is i(2)?
3
Let l be 5 + (-4 - -1 - -5) + -1. Let h(p) = p**2 - 7*p. Give h(l).
-6
Let w be 62/10 + 1/(-5). Let h be (9/w)/(3/6). Suppose u - 10 = h*u. Let q(y) = 2*y + 6. Give q(u).
-4
Let a(v) = -2*v**3 - 3*v**2 + 2*v + 3. Let g = 10 - 8. Let k(y) = y**3 + 2*y**2 + 6*y - 2*y + 0 - 5*y - g. Let o(z) = 2*a(z) + 3*k(z). Give o(-1).
0
Let p = 7 - 22. Let i(r) = r + 22. Let d be i(p). Let b(x) = 5*x + 9. Let a(q) = -2*q - 4. Let z(w) = 7*a(w) + 3*b(w). Give z(d).
6
Let u(c) = -c**2 + 21*c - 88. Let m be u(6). Let d(z) = -5*z. Determine d(m).
-10
Suppose 147 = 36*o + 3. Let d(j) = -7*j + 7. What is d(o)?
-21
Let p = 14 - 12. Let o(w) = -6*w**2 + w - 3. Let j = 13 + -8. Let i(g) = -4*g**2 + g - 2. Let b(m) = j*o(m) - 8*i(m). Determine b(p).
3
Let o(a) = -a + 3. Let v(n) = 4. Let m(z) = -3*o(z) + 2*v(z). Let g(i) = -4*i - 8. Let p be g(-3). Suppose 0 = -5*h - 2*l + 4, 2*l + p = -2. What is m(h)?
5
Let k(y) be the second derivative of -y**6/120 + y**4/24 + 7*y**3/6 + 5*y**2 + y. Let n(h) be the first derivative of k(h). Calculate n(0).
7
Let g(p) = 7*p + 3. Let l(f) = 2*f**3 + 24*f**2 - 26*f + 2. Let i be l(-13). Give g(i).
17
Let z = 1 - 1. Let n(i) be the third derivative of i**5/60 + i**4/24 - i**3/2 + 20*i**2. Calculate n(z).
-3
Let u(r) = 3*r**3 - 4*r**2 + 4*r - 2. Suppose 7*l - 64 = -15. Suppose 9 - l = m. What is u(m)?
14
Let k(o) = -o**3 - 2*o**2 + 2*o - 5. Let h = -319 + 314. Give k(h).
60
Let z(y) = 9*y**3 - 2*y**2 + y - 2. Let c be ((-75)/(-7) - 11)*-7. Determine z(c).
64
Let s(y) = 5*y + 1. Let c(m) = 4*m + 1. Let k(a) = -4*c(a) + 3*s(a). Give k(-2).
1
Suppose 0 = 4*v - 34 - 14. Suppose 5*w - 18 = v. Let t(l) be the third derivative of l**4/24 - 7*l**3/3 + 45*l**2 + 2. Give t(w).
-8
Let q(u) = u**2 + 8*u - 21. Let i(t) = -10*t + 620. Let y be i(63). Determine 